{"id":15847,"date":"2014-07-29T09:31:35","date_gmt":"2014-07-29T09:31:35","guid":{"rendered":"http:\/\/demo.qodeinteractive.com\/bridge26\/?page_id=15847"},"modified":"2025-11-14T21:42:39","modified_gmt":"2025-11-14T21:42:39","slug":"home-bridge-health","status":"publish","type":"page","link":"https:\/\/drmeryemkriouile.com\/","title":{"rendered":"Home Bridge Health"},"content":{"rendered":"<div class=\"wpb-content-wrapper\"><p>[vc_row css_animation=&#8221;&#8221; row_type=&#8221;row&#8221; use_row_as_full_screen_section=&#8221;no&#8221; type=&#8221;full_width&#8221; angled_section=&#8221;no&#8221; text_align=&#8221;left&#8221; background_image_as_pattern=&#8221;without_pattern&#8221; background_color=&#8221;#ffffff&#8221; z_index=&#8221;&#8221;][vc_column][vc_row_inner row_type=&#8221;row&#8221; type=&#8221;grid&#8221; text_align=&#8221;left&#8221; css_animation=&#8221;&#8221; padding_bottom=&#8221;40&#8243;][vc_column_inner width=&#8221;1\/4&#8243; css=&#8221;.vc_custom_1762989621541{background-color: #F5DBF0 !important;border-radius: 15px !important;border-color: #DB7CC8 !important;}&#8221;]<div class='q_icon_with_title medium circle center '><div class=\"icon_holder \" style=\" \"><span data-icon-type=\"circle\" data-icon-hover-bg-color=\"#FFFFFF\" class=\"qode_iwt_icon_holder fa-stack fa-3x  \" style=\"border-color: #DB7CC8\"><i class=\"qode_icon_font_awesome fa fa-university qode_iwt_icon_element\" style=\"color: #DB7CC8\"><\/i><\/span><\/div><div class=\"icon_text_holder\" style=\"\"><div class=\"icon_text_inner\" style=\"\"><h6 class=\"icon_title\" style=\"\">Suivi gyn\u00e9cologique<\/h6><p style='color: #000000'>Consultations de pr\u00e9vention, d\u00e9pistages, contraception, bilans hormonaux.<\/p><\/div><\/div><\/div>[\/vc_column_inner][vc_column_inner width=&#8221;1\/4&#8243; css=&#8221;.vc_custom_1762989797044{background-color: #F5DBF000 !important;border-radius: 15px !important;}&#8221;]<div class='q_icon_with_title medium circle center '><div class=\"icon_holder \" style=\" \"><span data-icon-type=\"circle\" data-icon-hover-bg-color=\"#F5DBF0\" class=\"qode_iwt_icon_holder fa-stack fa-3x  \" style=\"border-color: #DB7CC8\"><i class=\"qode_icon_font_awesome fa fa-stethoscope qode_iwt_icon_element\" style=\"color: #DB7CC8\"><\/i><\/span><\/div><div class=\"icon_text_holder\" style=\"\"><div class=\"icon_text_inner\" style=\"\"><h6 class=\"icon_title\" style=\"\">Suivi de grossesse<\/h6><p style='color: #000000'>Du diagnostic \u00e0 l\u2019accouchement, avec un accompagnement attentif et rassurant.<\/p><\/div><\/div><\/div>[\/vc_column_inner][vc_column_inner width=&#8221;1\/4&#8243; css=&#8221;.vc_custom_1762989807072{background-color: #F5DBF0 !important;border-radius: 15px !important;border-color: #81D742 !important;}&#8221;]<div class='q_icon_with_title medium circle center '><div class=\"icon_holder \" style=\" \"><span data-icon-type=\"circle\" data-icon-hover-bg-color=\"#FFFFFF\" class=\"qode_iwt_icon_holder fa-stack fa-3x  \" style=\"border-color: #DB7CC8\"><i class=\"qode_icon_font_awesome fa fa-heart qode_iwt_icon_element\" style=\"color: #DB7CC8\"><\/i><\/span><\/div><div class=\"icon_text_holder\" style=\"\"><div class=\"icon_text_inner\" style=\"\"><h6 class=\"icon_title\" style=\"\">Fertilit\u00e9 et d\u00e9sir de grossesse<\/h6><p style='color: #000000'>Prise en charge de l\u2019infertilit\u00e9, conseils pr\u00e9conceptionnels.<\/p><\/div><\/div><\/div>[\/vc_column_inner][vc_column_inner width=&#8221;1\/4&#8243; css=&#8221;.vc_custom_1762808051175{border-radius: 15px !important;}&#8221;]<div class='q_icon_with_title medium circle center '><div class=\"icon_holder \" style=\" \"><span data-icon-type=\"circle\" data-icon-hover-bg-color=\"#F5DBF0\" class=\"qode_iwt_icon_holder fa-stack fa-3x  \" style=\"border-color: #DB7CC8;background-color: #F5DBF000\"><i class=\"qode_icon_font_awesome fa fa-heart qode_iwt_icon_element\" style=\"color: #DB7CC8\"><\/i><\/span><\/div><div class=\"icon_text_holder\" style=\"\"><div class=\"icon_text_inner\" style=\"\"><h6 class=\"icon_title\" style=\"\">Pathologies gyn\u00e9cologiques<\/h6><p style='color: #000000'>Troubles du cycle, fibromes, endom\u00e9triose, infections, m\u00e9nopause.<\/p><\/div><\/div><\/div>[\/vc_column_inner][\/vc_row_inner][\/vc_column][\/vc_row][vc_row css_animation=&#8221;&#8221; row_type=&#8221;row&#8221; use_row_as_full_screen_section=&#8221;no&#8221; type=&#8221;full_width&#8221; angled_section=&#8221;no&#8221; text_align=&#8221;left&#8221; background_image_as_pattern=&#8221;without_pattern&#8221; background_color=&#8221;#FFF9FE&#8221; z_index=&#8221;&#8221; padding_top=&#8221;20&#8243; padding_bottom=&#8221;30&#8243; css=&#8221;.vc_custom_1763036382841{margin-bottom: 30px !important;}&#8221;][vc_column][vc_row_inner row_type=&#8221;row&#8221; type=&#8221;grid&#8221; text_align=&#8221;left&#8221; css_animation=&#8221;&#8221; padding_top=&#8221;20&#8243;][vc_column_inner width=&#8221;1\/4&#8243;][vc_single_image image=&#8221;16557&#8243; img_size=&#8221;full&#8221; alignment=&#8221;center&#8221; style=&#8221;vc_box_circle_2&#8243; css=&#8221;&#8221; qode_css_animation=&#8221;element_from_left&#8221; transition_delay=&#8221;1&#8243;][\/vc_column_inner][vc_column_inner width=&#8221;3\/4&#8243;][vc_column_text css=&#8221;&#8221;]<\/p>\n<h5>\ud83e\ude7a Docteur Meryem Kriouile \u2013 Cabinet de Gyn\u00e9cologie &amp; Obst\u00e9trique<\/h5>\n<p>[\/vc_column_text][vc_separator type=&#8221;transparent&#8221; up=&#8221;15&#8243; down=&#8221;0&#8243;][vc_column_text css=&#8221;&#8221;]<\/p>\n<p style=\"text-align: left;\"><span style=\"color: #333333;\">Le\u00a0<strong>Cabinet du Docteur Meryem kriouile<\/strong>\u00a0vous accueille dans un cadre moderne et chaleureux, d\u00e9di\u00e9 \u00e0 la sant\u00e9 et au bien-\u00eatre de la femme \u00e0 chaque \u00e9tape de sa vie.<\/span><br \/>\n<span style=\"color: #333333;\">Sp\u00e9cialiste en\u00a0<strong>gyn\u00e9cologie<\/strong>\u00a0et\u00a0<strong>obst\u00e9trique<\/strong>, le Dr. meryem met son expertise et son \u00e9coute au service de ses patientes pour un accompagnement personnalis\u00e9 et bienveillant.<\/span><\/p>\n<p>[\/vc_column_text][\/vc_column_inner][\/vc_row_inner][\/vc_column][\/vc_row][vc_row css_animation=&#8221;&#8221; row_type=&#8221;row&#8221; use_row_as_full_screen_section=&#8221;no&#8221; type=&#8221;full_width&#8221; angled_section=&#8221;no&#8221; text_align=&#8221;left&#8221; background_image_as_pattern=&#8221;without_pattern&#8221; background_color=&#8221;#f9f9f9&#8243; z_index=&#8221;&#8221; padding_top=&#8221;30&#8243; padding_bottom=&#8221;30&#8243; css=&#8221;.vc_custom_1763038419446{margin-bottom: 30px !important;}&#8221;][vc_column][vc_row_inner row_type=&#8221;row&#8221; type=&#8221;grid&#8221; text_align=&#8221;left&#8221; css_animation=&#8221;&#8221; background_color=&#8221;#f9f9f9&#8243; css=&#8221;.vc_custom_1763036791320{margin-top: 10px !important;}&#8221; padding_bottom=&#8221;30&#8243;][vc_column_inner width=&#8221;1\/3&#8243;][vc_single_image image=&#8221;16595&#8243; img_size=&#8221;full&#8221; css=&#8221;&#8221; qode_css_animation=&#8221;&#8221;][vc_separator type=&#8221;transparent&#8221; up=&#8221;20&#8243; down=&#8221;0&#8243;][vc_column_text css=&#8221;&#8221;]<\/p>\n<h6>Les examens gyn\u00e9cologiques indispensables \u00e0 chaque \u00e2ge<\/h6>\n<p>[\/vc_column_text][vc_separator type=&#8221;transparent&#8221; up=&#8221;5&#8243; down=&#8221;0&#8243;][vc_column_text css=&#8221;&#8221;]<span style=\"color: #333333;\">Le suivi gyn\u00e9cologique est essentiel pour pr\u00e9server la sant\u00e9 des femmes \u00e0 chaque \u00e9tape de leur vie. Bien plus qu\u2019un simple contr\u00f4le, il permet de pr\u00e9venir, d\u00e9pister et traiter de nombreuses affections \u00e0 temps. Le\u00a0<strong>Cabinet du Docteur Meryem Kriouile \u00e0 agdal<\/strong>\u00a0accompagne chaque patiente dans un suivi personnalis\u00e9 et bienveillant.<\/span>[\/vc_column_text][\/vc_column_inner][vc_column_inner width=&#8221;1\/3&#8243;][vc_single_image image=&#8221;16594&#8243; img_size=&#8221;full&#8221; css=&#8221;&#8221; qode_css_animation=&#8221;&#8221;][vc_separator type=&#8221;transparent&#8221; up=&#8221;20&#8243; down=&#8221;0&#8243;][vc_column_text css=&#8221;&#8221;]<\/p>\n<h6>Comment soulager les douleurs menstruelles naturellement ?<\/h6>\n<p>[\/vc_column_text][vc_separator type=&#8221;transparent&#8221; up=&#8221;5&#8243; down=&#8221;0&#8243;][vc_column_text css=&#8221;&#8221;]<span style=\"color: #333333;\">Les\u00a0<strong>r\u00e8gles douloureuses<\/strong>, appel\u00e9es\u00a0<em>dysm\u00e9norrh\u00e9e<\/em>, touchent une grande majorit\u00e9 de femmes. Si elles sont souvent sans gravit\u00e9, elles peuvent devenir g\u00eanantes au quotidien. Le\u00a0<strong>Docteur Meryem Kriouile<\/strong>, gyn\u00e9cologue \u00e0 Rabat &#8211; agdal partage quelques conseils simples et naturels pour mieux les supporter.<\/span>[\/vc_column_text][\/vc_column_inner][vc_column_inner width=&#8221;1\/3&#8243;][vc_single_image image=&#8221;16593&#8243; img_size=&#8221;full&#8221; css=&#8221;&#8221; qode_css_animation=&#8221;&#8221;][vc_separator type=&#8221;transparent&#8221; up=&#8221;20&#8243; down=&#8221;0&#8243;][vc_column_text css=&#8221;&#8221;]<\/p>\n<h6>Les bons r\u00e9flexes avant et pendant la grossesse<\/h6>\n<p>[\/vc_column_text][vc_separator type=&#8221;transparent&#8221; up=&#8221;5&#8243; down=&#8221;0&#8243;][vc_column_text css=&#8221;&#8221;]<span style=\"color: #333333;\">La grossesse est une p\u00e9riode unique et pr\u00e9cieuse. Pour qu\u2019elle se d\u00e9roule dans les meilleures conditions, il est essentiel d\u2019\u00eatre bien pr\u00e9par\u00e9e et bien suivie. Le\u00a0<strong>Docteur Meryem Kriouile<\/strong>, gyn\u00e9cologue-obst\u00e9tricienne \u00e0 Rabat &#8211; agdal, accompagne les futures mamans tout au long de cette belle aventure.<\/span>[\/vc_column_text][\/vc_column_inner][\/vc_row_inner][\/vc_column][\/vc_row][vc_row row_type=&#8221;parallax&#8221; parallax_content_width=&#8221;full_width&#8221; text_align=&#8221;left&#8221; full_screen_section_height=&#8221;no&#8221; css=&#8221;.vc_custom_1763038611750{margin-top: 30px !important;margin-bottom: 30px !important;}&#8221;][vc_column][vc_row_inner row_type=&#8221;row&#8221; type=&#8221;full_width&#8221; text_align=&#8221;center&#8221; css_animation=&#8221;&#8221; padding_top=&#8221;20&#8243; padding_bottom=&#8221;20&#8243;][vc_column_inner width=&#8221;1\/4&#8243;]<div class=\"q_counter_holder  center\" style=\"\" data-digit=\"782\"><span class=\"counter  random\" style=\"color: #DB7CC8;\">782<\/span><p class=\"counter_text\" style=\"color: #DB7CC8;\">naissances<\/p><\/div>[vc_separator type=&#8221;transparent&#8221; up=&#8221;20&#8243; down=&#8221;0&#8243;][\/vc_column_inner][vc_column_inner width=&#8221;1\/4&#8243;]<div class=\"q_counter_holder  center\" style=\"\" data-digit=\"971\"><span class=\"counter  random\" style=\"color: #DB7CC8;\">971<\/span><p class=\"counter_text\" style=\"color: #DB7CC8;\">programmes<\/p><\/div>[vc_separator type=&#8221;transparent&#8221; up=&#8221;20&#8243; down=&#8221;0&#8243;][\/vc_column_inner][vc_column_inner width=&#8221;1\/4&#8243;]<div class=\"q_counter_holder  center\" style=\"\" data-digit=\"890\"><span class=\"counter  random\" style=\"color: #DB7CC8;\">890<\/span><p class=\"counter_text\" style=\"color: #DB7CC8;\">clientes heureuses<\/p><\/div>[vc_separator type=&#8221;transparent&#8221; up=&#8221;20&#8243; down=&#8221;0&#8243;][\/vc_column_inner][vc_column_inner width=&#8221;1\/4&#8243;]<div class=\"q_counter_holder  center\" style=\"\" data-digit=\"12\"><span class=\"counter  random\" style=\"color: #DB7CC8;\">12<\/span><p class=\"counter_text\" style=\"color: #DB7CC8;\">Ann\u00e9es d'exp\u00e9rience<\/p><\/div>[vc_separator type=&#8221;transparent&#8221; up=&#8221;20&#8243; down=&#8221;0&#8243;][\/vc_column_inner][\/vc_row_inner][\/vc_column][\/vc_row][vc_row css_animation=&#8221;&#8221; row_type=&#8221;row&#8221; use_row_as_full_screen_section=&#8221;no&#8221; type=&#8221;full_width&#8221; angled_section=&#8221;no&#8221; text_align=&#8221;left&#8221; background_image_as_pattern=&#8221;without_pattern&#8221; background_color=&#8221;#FFF9FE&#8221; css=&#8221;.vc_custom_1763038447382{margin-top: 30px !important;margin-bottom: 30px !important;}&#8221; z_index=&#8221;&#8221; padding_top=&#8221;20&#8243; padding_bottom=&#8221;20&#8243;][vc_column][vc_row_inner row_type=&#8221;row&#8221; type=&#8221;grid&#8221; text_align=&#8221;left&#8221; css_animation=&#8221;&#8221; padding_top=&#8221;40&#8243; padding_bottom=&#8221;40&#8243; background_color=&#8221;#FFF9FE&#8221;][vc_column_inner width=&#8221;1\/6&#8243;][\/vc_column_inner][vc_column_inner width=&#8221;2\/3&#8243;][vc_column_text css=&#8221;&#8221;]<\/p>\n<h3 style=\"text-align: center;\"><span style=\"color: #333333;\"><img decoding=\"async\" class=\"an1 aligncenter\" draggable=\"false\" src=\"https:\/\/fonts.gstatic.com\/s\/e\/notoemoji\/16.0\/1f497\/72.png\" alt=\"\ud83d\udc97\" width=\"27\" height=\"27\" data-emoji=\"\ud83d\udc97\" aria-label=\"\ud83d\udc97\" \/>\u00a0<strong>Une approche humaine et professionnelle<\/strong><\/span><\/h3>\n<p style=\"text-align: center;\"><span style=\"color: #333333;\">Le Dr. Kriouile accorde une importance particuli\u00e8re \u00e0\u00a0<strong>l\u2019\u00e9coute, la confidentialit\u00e9 et la confiance<\/strong>. Chaque consultation est un moment d\u2019\u00e9change, afin de r\u00e9pondre au mieux \u00e0 vos besoins et vous accompagner dans toutes les \u00e9tapes de votre vie de femme.<\/span><\/p>\n<p>[\/vc_column_text][\/vc_column_inner][vc_column_inner width=&#8221;1\/6&#8243;][\/vc_column_inner][\/vc_row_inner][\/vc_column][\/vc_row][vc_row css_animation=&#8221;&#8221; row_type=&#8221;row&#8221; use_row_as_full_screen_section=&#8221;no&#8221; type=&#8221;full_width&#8221; angled_section=&#8221;no&#8221; text_align=&#8221;left&#8221; background_image_as_pattern=&#8221;without_pattern&#8221;][vc_column][vc_gallery type=&#8221;image_grid&#8221; images=&#8221;16576,16575,16574,16573,16569,16570,16571,16572&#8243; img_size=&#8221;medium&#8221; css=&#8221;&#8221; column_number=&#8221;4&#8243; grayscale=&#8221;no&#8221; images_space=&#8221;gallery_with_space&#8221;][\/vc_column][\/vc_row][vc_row css_animation=&#8221;&#8221; row_type=&#8221;row&#8221; use_row_as_full_screen_section=&#8221;no&#8221; type=&#8221;full_width&#8221; angled_section=&#8221;no&#8221; text_align=&#8221;left&#8221; background_image_as_pattern=&#8221;without_pattern&#8221; background_color=&#8221;#FFF9FE&#8221; css=&#8221;.vc_custom_1763034866124{margin-top: 30px !important;margin-bottom: 30px !important;}&#8221; z_index=&#8221;&#8221;][vc_column width=&#8221;1\/2&#8243; css=&#8221;.vc_custom_1762811427221{padding-right: 20px !important;padding-left: 20px !important;}&#8221;][vc_separator type=&#8221;transparent&#8221; up=&#8221;23&#8243;][vc_row_inner row_type=&#8221;row&#8221; type=&#8221;full_width&#8221; text_align=&#8221;left&#8221; css_animation=&#8221;&#8221;][vc_column_inner width=&#8221;10\/12&#8243;][vc_single_image image=&#8221;16568&#8243; img_size=&#8221;medium&#8221; css=&#8221;&#8221; qode_css_animation=&#8221;&#8221;][\/vc_column_inner][vc_column_inner width=&#8221;2\/12&#8243;]<span class='q_social_icon_holder square_social' data-color=#DB7CC8 data-hover-background-color=#FBD7F4 data-hover-color=#FFE8FA><a itemprop='url' href='https:\/\/www.instagram.com\/dr.meryem.kriouile\/' target='_blank'><span class='fa-stack ' style='background-color: #FFDCF8;border-color: #DB7CC8;font-size: 20px;'><i class=\"qode_icon_font_awesome fa fa-instagram \" style=\"color: #DB7CC8;font-size: 20px;\" ><\/i><\/span><\/a><\/span>[\/vc_column_inner][\/vc_row_inner][vc_separator type=&#8221;normal&#8221; up=&#8221;15&#8243;][vc_column_text css=&#8221;&#8221;]<span style=\"color: #000000;\">Les consultations se font\u00a0<strong>sur rendez-vous uniquement<\/strong>, afin de garantir un accueil personnalis\u00e9.<\/span>[\/vc_column_text][vc_separator type=&#8221;normal&#8221; up=&#8221;23&#8243;]<div class='q_icon_with_title tiny circle '><div class=\"icon_holder \" style=\" \"><span data-icon-type=\"circle\" class=\"qode_iwt_icon_holder fa-stack fa-lg  \" style=\"border-color: #DB7CC8\"><i class=\"qode_icon_font_awesome fa fa-home qode_iwt_icon_element\" style=\"color: #DB7CC8\"><\/i><\/span><\/div><div class=\"icon_text_holder\" style=\"\"><div class=\"icon_text_inner\" style=\"\"><h6 class=\"icon_title\" style=\"\">Rue Dayat Aoua, Rabat - agdal<\/h6><p style=''><\/p><\/div><\/div><\/div>[vc_separator type=&#8221;normal&#8221; up=&#8221;15&#8243;]<div class='q_icon_with_title tiny circle '><div class=\"icon_holder \" style=\" \"><span data-icon-type=\"circle\" class=\"qode_iwt_icon_holder fa-stack fa-lg  \" style=\"border-color: #DB7CC8\"><i class=\"qode_icon_font_awesome fa fa-phone qode_iwt_icon_element\" style=\"color: #DB7CC8\"><\/i><\/span><\/div><div class=\"icon_text_holder\" style=\"\"><div class=\"icon_text_inner\" style=\"\"><h6 class=\"icon_title\" style=\"\">0 537 68 37 18<\/h6><p style=''><\/p><\/div><\/div><\/div>[vc_separator type=&#8221;normal&#8221; up=&#8221;15&#8243;]<div class='q_icon_with_title tiny circle '><div class=\"icon_holder \" style=\" \"><span data-icon-type=\"circle\" class=\"qode_iwt_icon_holder fa-stack fa-lg  \" style=\"border-color: #DB7CC8\"><i class=\"qode_icon_font_awesome fa fa-phone qode_iwt_icon_element\" style=\"color: #DB7CC8\"><\/i><\/span><\/div><div class=\"icon_text_holder\" style=\"\"><div class=\"icon_text_inner\" style=\"\"><h6 class=\"icon_title\" style=\"\">0 661 17 11 52<\/h6><p style=''><\/p><\/div><\/div><\/div>[vc_separator type=&#8221;normal&#8221; up=&#8221;15&#8243;]<div class='q_icon_with_title tiny circle '><div class=\"icon_holder \" style=\" \"><span data-icon-type=\"circle\" class=\"qode_iwt_icon_holder fa-stack fa-lg  \" style=\"border-color: #DB7CC8\"><i class=\"qode_icon_font_awesome fa fa-calendar qode_iwt_icon_element\" style=\"color: #DB7CC8\"><\/i><\/span><\/div><div class=\"icon_text_holder\" style=\"\"><div class=\"icon_text_inner\" style=\"\"><h6 class=\"icon_title\" style=\"\">Lundi \u00e0 Samedi de 9h \u00e0 18h<\/h6><p style=''><\/p><\/div><\/div><\/div>[\/vc_column][vc_column width=&#8221;1\/2&#8243;][vc_column_text css=&#8221;&#8221;]<iframe style=\"border: 0;\" src=\"https:\/\/www.google.com\/maps\/embed?pb=!1m18!1m12!1m3!1d4069.813843503824!2d-6.85603711159949!3d34.00457205109183!2m3!1f0!2f0!3f0!3m2!1i1024!2i768!4f13.1!3m3!1m2!1s0xda76d004dace50f%3A0xf5fb7f5d18f3ce53!2sDr%20meryem%20kriouile%20gynecologue!5e1!3m2!1sfr!2sma!4v1763118530362!5m2!1sfr!2sma\" width=\"100%\" height=\"500\" allowfullscreen=\"allowfullscreen\"><\/iframe>[\/vc_column_text][\/vc_column][\/vc_row]<\/p>\n<\/div>","protected":false},"excerpt":{"rendered":"<p>[vc_row css_animation=&#8221;&#8221; row_type=&#8221;row&#8221; use_row_as_full_screen_section=&#8221;no&#8221; type=&#8221;full_width&#8221; angled_section=&#8221;no&#8221; text_align=&#8221;left&#8221; background_image_as_pattern=&#8221;without_pattern&#8221; background_color=&#8221;#ffffff&#8221; z_index=&#8221;&#8221;][vc_column][vc_row_inner row_type=&#8221;row&#8221; type=&#8221;grid&#8221; text_align=&#8221;left&#8221; css_animation=&#8221;&#8221; padding_bottom=&#8221;40&#8243;][vc_column_inner width=&#8221;1\/4&#8243; css=&#8221;.vc_custom_1762989621541{background-color: #F5DBF0 !important;border-radius: 15px !important;border-color: #DB7CC8 !important;}&#8221;][\/vc_column_inner][vc_column_inner width=&#8221;1\/4&#8243; css=&#8221;.vc_custom_1762989797044{background-color: #F5DBF000 !important;border-radius: 15px !important;}&#8221;][\/vc_column_inner][vc_column_inner width=&#8221;1\/4&#8243; css=&#8221;.vc_custom_1762989807072{background-color: #F5DBF0 !important;border-radius: 15px !important;border-color: #81D742 !important;}&#8221;][\/vc_column_inner][vc_column_inner width=&#8221;1\/4&#8243; css=&#8221;.vc_custom_1762808051175{border-radius: 15px !important;}&#8221;][\/vc_column_inner][\/vc_row_inner][\/vc_column][\/vc_row][vc_row css_animation=&#8221;&#8221; row_type=&#8221;row&#8221; use_row_as_full_screen_section=&#8221;no&#8221; type=&#8221;full_width&#8221;&#8230;<\/p>\n","protected":false},"author":1,"featured_media":0,"parent":0,"menu_order":0,"comment_status":"open","ping_status":"open","template":"","meta":{"content-type":"","footnotes":""},"class_list":["post-15847","page","type-page","status-publish","hentry"],"_links":{"self":[{"href":"https:\/\/drmeryemkriouile.com\/index.php?rest_route=\/wp\/v2\/pages\/15847","targetHints":{"allow":["GET"]}}],"collection":[{"href":"https:\/\/drmeryemkriouile.com\/index.php?rest_route=\/wp\/v2\/pages"}],"about":[{"href":"https:\/\/drmeryemkriouile.com\/index.php?rest_route=\/wp\/v2\/types\/page"}],"author":[{"embeddable":true,"href":"https:\/\/drmeryemkriouile.com\/index.php?rest_route=\/wp\/v2\/users\/1"}],"replies":[{"embeddable":true,"href":"https:\/\/drmeryemkriouile.com\/index.php?rest_route=%2Fwp%2Fv2%2Fcomments&post=15847"}],"version-history":[{"count":29,"href":"https:\/\/drmeryemkriouile.com\/index.php?rest_route=\/wp\/v2\/pages\/15847\/revisions"}],"predecessor-version":[{"id":16610,"href":"https:\/\/drmeryemkriouile.com\/index.php?rest_route=\/wp\/v2\/pages\/15847\/revisions\/16610"}],"wp:attachment":[{"href":"https:\/\/drmeryemkriouile.com\/index.php?rest_route=%2Fwp%2Fv2%2Fmedia&parent=15847"}],"curies":[{"name":"wp","href":"https:\/\/api.w.org\/{rel}","templated":true}]}}